1
Let a(i) = 27*i**2. List the prime factors of a(1).
3
Suppose -32*r + 104 = -30*r. What are the prime factors of r?
2, 13
Let a be (104/(-12))/(4/(-6)). Let k = a - 8. Suppose -5*c + 15 = k*y, -5*c - 3*y = 2 - 21. List the prime factors of c.
5
Suppose n = -0*n + 3. What are the prime factors of (-2 + n - -7)*2?
2
Suppose 5*a = -4*b + 750, -134 + 884 = 5*a - 2*b. What are the prime factors of a?
2, 3, 5
Let j = -48 - -71. List the prime factors of j.
23
Suppose 2*m - 96 = 74. What are the prime factors of m?
5, 17
Suppose 5*q = 2*n + 266, 3*q + q = -n + 218. What are the prime factors of q?
2, 3
Let u(q) = 3*q + 5. Let v be u(-4). List the prime factors of 5*-2*(v + 5).
2, 5
Let l(m) = m + 12. Let i = -27 - -17. List the prime factors of l(i).
2
Let i be (20/(-1))/(3/(-3)). Suppose 0 = 4*g - 4 - i. What are the prime factors of g?
2, 3
Let j be (-36)/(-10) - 8/(-20). Suppose 0 = j*b + 2*c - 56, 4*b = -c - 1 + 57. What are the prime factors of b?
2, 7
Let k be 7 + 0 + (0 - 1). Let y = 3 + k. Let d = -1 + y. List the prime factors of d.
2
Let f = -4 - -11. Suppose 0 = 2*c - f - 7. Suppose 0 = -5*y - d + 29, -5*y + 3*d - c = -40. List the prime factors of y.
2, 3
Suppose -3*u - 2 + 8 = 0. Let n be (-3 - -2) + 0 + 11. Suppose n = u*h, -5*a + 8*h = 3*h - 50. What are the prime factors of a?
3, 5
Suppose 0 = 10*l - 3*l - 266. What are the prime factors of l?
2, 19
Let m be ((-4)/6)/(3/(-45)). Suppose -l - m = l. What are the prime factors of (-11)/l + 1/(-5)?
2
Let q be 44/10 + (-15)/(-25). Suppose -3*y + q*p - 2 = 0, y - 4*p = 1 + 3. Let o = 1 - y. What are the prime factors of o?
5
Let j(b) = 8*b - 8. Let o = -1 - -5. What are the prime factors of j(o)?
2, 3
Suppose -4*w + 35 = 4*o - 45, -o - 1 = 0. List the prime factors of w.
3, 7
Let c(u) = -u + 24. List the prime factors of c(-7).
31
Let q be 21/12 - 1/(-4). Suppose 0 = -q*k + k + 3. Let p = k - 1. List the prime factors of p.
2
Let q = 30 + 40. List the prime factors of ((-12)/20)/((-2)/q).
3, 7
Let x be 2/(-4)*-6 + 262. List the prime factors of x/15 + 2/6.
2, 3
List the prime factors of ((-14)/6)/(1/(-15)).
5, 7
Suppose 0*z + 20 = 5*z. Suppose 2*b - 4*r = z, -r = 5*b - 0*r - 10. List the prime factors of b.
2
List the prime factors of (3 + -1 - 4)*-3.
2, 3
Suppose 31 = 2*p - 5*b, b + 7 = 2*p - 12. Let q be 12/5 + p/(-20). Let m = q + 3. List the prime factors of m.
5
Let g = 57 + 43. List the prime factors of g.
2, 5
Let p(o) = 2*o - 1. Suppose -2*q + 0*q = -14. List the prime factors of p(q).
13
Let s(l) = -l**3 + l**2 - 2*l + 11. What are the prime factors of s(0)?
11
Suppose 8*j = 3*j + 40. List the prime factors of ((-18)/j)/(3/(-16)).
2, 3
Suppose -g - 2*l = -2*g - 12, -12 = -4*l. Let b(s) = s**2 - s - 2. List the prime factors of b(g).
2, 5
Suppose -2*y - y = -81. List the prime factors of y.
3
Let o(q) = q**3 + 6*q**2 - 7*q + 5. Let d be o(-7). Suppose -l + d*l = 8. Let w(g) = 2*g**2 + 2*g - 1. List the prime factors of w(l).
11
Let h be 2 - (-1 - (-1 + 1)). Let r = -7 - -5. Let w = h - r. What are the prime factors of w?
5
Let j be 492/(-44) - 4/(-22). Let y = -2 - j. What are the prime factors of y?
3
Let r(w) = 2*w**2 + 6 - 2 - w**3 - 2*w**2 + 5*w - 2*w**2. Let s = -12 + 8. List the prime factors of r(s).
2
Let i(a) = -a**2 + 6*a - 8. Let w be (-30)/5*(-2)/2. Let m be i(w). Let p(g) = g**3 + 8*g**2 + 9. What are the prime factors of p(m)?
3
Let g(b) = -b**2 + 12*b + 2. List the prime factors of g(9).
29
Let q = 16 + -8. Let l = 10 - q. List the prime factors of l.
2
Let d(f) = -f**2 - 12*f - 15. Let r be (2 + 0)*(-2)/4. Let q be 1/(2/20)*r. List the prime factors of d(q).
5
Let p(h) = 3*h**2 + 12*h + 32. What are the prime factors of p(-8)?
2
Suppose 703 = 3*z + 7144. What are the prime factors of z/(-57) - 2/3?
37
List the prime factors of 12/10*(-80)/(-12).
2
Let a(i) = -7*i**2 + i - 1. Let g be a(1). Let y(r) = -r + 3. List the prime factors of y(g).
2, 5
Suppose -2*x - 126 = -5*x. What are the prime factors of x?
2, 3, 7
Suppose -6*t + 3*t + 2*o = -635, 0 = -5*t - 2*o + 1085. What are the prime factors of t?
5, 43
Suppose 0 = -3*o - p + 9 + 6, -4*o + 27 = -p. Suppose 0 = 2*v + o - 22. What are the prime factors of v?
2
Suppose 0 = 5*s - 2*f - 666, -f + 5*f + 144 = s. List the prime factors of s.
2, 3, 11
Suppose 1 - 4 = -o. Suppose 3*b = 5*j + 52, -22 = -o*b + j - 2*j. List the prime factors of b.
3
Suppose 311 = 5*c + 5*a - 544, -5*c = -5*a - 825. List the prime factors of c.
2, 3, 7
Let y = 164 + -112. Suppose 0 = -4*i - 0*i + y. List the prime factors of i.
13
Let l = 144 + -137. Let h(s) = -1 + 8*s + 1 - s**2 - 5. List the prime factors of h(l).
2
Let h be 0*(-3 - (-20)/6). Suppose h = -4*y - 16, 2*w - y - 38 = -0*y. List the prime factors of w.
17
Let n be 2/(0 - 3/36). Suppose b - 78 = -b. Let x = b + n. What are the prime factors of x?
3, 5
Let o be 60/2 - (-3 - -1). Suppose -3*h = -o + 11. Suppose m - 5 = -2*i + i, -i = -5*m + h. What are the prime factors of m?
2
What are the prime factors of (-2)/(-9) + (-968)/(-18)?
2, 3
Let p = -66 - -126. List the prime factors of p.
2, 3, 5
Suppose -4*s + 0*c - 13 = 5*c, -25 = 5*c. Suppose -s*p - l - 19 = -116, -2*p = 2*l - 66. List the prime factors of p.
2
Let u(r) = r**2 - 4*r - 18. List the prime factors of u(-4).
2, 7
Let b be (-2 - -3)/((-4)/(-28)). Let x(q) = q**3 - 6*q**2 - 7*q + 5. List the prime factors of x(b).
5
Let y be (-104)/(-20) - 1/5. Suppose 4*m = 25 - y. What are the prime factors of m?
5
Suppose 3 = -3*c + 432. What are the prime factors of c?
11, 13
Let z(l) = 8*l + 4. Let a(u) = -7*u - 3. Let v(w) = -7*a(w) - 6*z(w). Let s be v(3). Suppose -5*g + 7 + 3 = s. List the prime factors of g.
2
Suppose 51 = -8*t + 747. List the prime factors of t.
3, 29
Suppose y + 0*b - b = 6, -y - b + 2 = 0. List the prime factors of y.
2
List the prime factors of 4/(-6) - (-145)/15.
3
Suppose -4*y - 5*v + 3*v = -730, 4*v = -4*y + 740. Suppose 2*d = 6 + y. List the prime factors of d/33 - 2/(-11).
3
List the prime factors of 574/13 - (-2)/(-13).
2, 11
Let t(b) be the second derivative of 7*b**5/20 - b**4/6 + b**3/3 - b**2/2 - 2*b. What are the prime factors of t(1)?
2, 3
Let k = 6 - -1. Let w(r) = -r**2 + 9*r - 8. Let y be w(k). What are the prime factors of 1*(-2)/(y/(-39))?
13
Suppose 8 = 2*x - 24. Let c = -7 + 12. Suppose 18 = 4*o - o - 3*u, -2*o - c*u = x. List the prime factors of o.
2
Let p = 62 - 39. Suppose 0 = -4*r - 4*g - 3 - 1, -2*g = -5*r + p. What are the prime factors of r?
3
What are the prime factors of -5*(147/(-15) + -1)?
2, 3
Suppose -3*r + 10 = -r. Suppose 10 = 5*m - r. Suppose m*q - q = 10. What are the prime factors of q?
5
Let d = 22 - 11. What are the prime factors of d?
11
Suppose -4*x + 2*c = -210 - 68, -5*c = -x + 92. List the prime factors of x.
67
Suppose s - 915 = -2*s - 3*j, 0 = 3*s - j - 895. Suppose -f = 2*f + s. List the prime factors of (-4)/18 + f/(-45).
2
Suppose 3*u - b = 70, 2*u - 3*b + 10 = 52. Let q = u + -38. What are the prime factors of 40/(-14)*q/4?
2, 5
List the prime factors of 24/18*-18*-1*4.
2, 3
Let f = -56 + 92. List the prime factors of f.
2, 3
Suppose -5*t + 151 + 99 = 0. List the prime factors of t.
2, 5
Let j = -1 - -3. Suppose 10 + j = 4*o. Let m = o + -1. List the prime factors of m.
2
Suppose -4*d - 18 = -5*n, 3*n - 4*n - 4*d = 6. Suppose -4*o = 2*v - 0*v - 40, n*v = -4. What are the prime factors of o?
11
Let k(h) = h**3 - 6*h**2 + 6*h - 5. Let w be k(5). Let p = w - -4. Suppose -5*b - 38 = -0*v - 2*v, -4*b = -p*v + 52. What are the prime factors of v?
3
Let o be 6/(-3) + 4 + -2. Suppose o*w = -3*w + 15. List the prime factors of w.
5
Let a be (-12)/18 - 118/(-6). Let t = a - 4. What are the prime factors of t?
3, 5
Suppose -5*g + 99 = -0*z + 3*z, g + 165 = 5*z. List the prime factors of z.
3, 11
Suppose 4*o = -o - u + 135, 2*o + u = 54. List the prime factors of o.
3
Suppose -4*z = -8*z + g + 1048, 0 = -5*z - g + 1319. What are the prime factors of z?
263
Let y be (-1)/(-4) + (-329)/(-28). Suppose 5*p = y + 23. List the prime factors of p.
7
Let r = -132 - -76. What are the prime factors of ((-15)/(-4))/((-21)/r)?
2, 5
Suppose 2*y = -2*j - 58, -2*j - 4*y + 37 - 103 = 0. Let s(w) = 4*w + 6. Let g be s(10). Let x = j + g. List the prime factors of x.
3, 7
Let l(u) 